 is i(-43)?
0
Let y(r) = -r**3 + 8*r**2 + 75*r - 80. What is y(13)?
50
Let x(t) = t**2 - 217*t + 4646. Determine x(193).
14
Let j(k) = -k**3 - 29*k**2 + 28*k - 92. Calculate j(-30).
-32
Let v(g) = -g**2 - 48*g - 492. Calculate v(-15).
3
Let r(g) = 541*g - 161. What is r(1)?
380
Let j(s) = 281*s - 1215. What is j(4)?
-91
Let x(y) = 18*y - 21. Calculate x(1).
-3
Let i(m) = m**3 + 11*m**2 + 46*m + 107. Give i(-7).
-19
Let p(t) = -39*t - 33. What is p(1)?
-72
Let i(q) = -q**3 - 16*q**2 - 10*q - 160. Determine i(-16).
0
Let o(f) = -112*f - 996. Determine o(-9).
12
Let k(j) = -2*j**3 + 19*j**2 - 3*j + 19. Give k(9).
73
Let k(y) = -288*y + 2366. What is k(8)?
62
Let v(u) = 2*u**2 + 98*u + 710. What is v(-8)?
54
Let k(i) = -564*i**2 - 5*i - 3. Calculate k(-1).
-562
Let v(h) = 10*h**2 + 205*h - 2660. What is v(9)?
-5
Let l(n) = n**2 - 1320*n - 13297. Calculate l(-10).
3
Let x(p) = -33*p - 397. What is x(-11)?
-34
Let n(a) = -154*a + 134. Determine n(1).
-20
Let r(v) = -v**2 - 26*v - 204. What is r(-16)?
-44
Let i(s) = -2134*s - 108867. Calculate i(-51).
-33
Let q(b) = -2351*b - 152819. Determine q(-65).
-4
Let i(p) = -p**3 + 9*p**2 + 32*p - 284. Give i(10).
-64
Let p(d) = -21*d + 45. Calculate p(3).
-18
Let l(o) = 7*o**3 + 54*o**2 + 15*o + 22. Give l(-4).
378
Let r(q) = 21*q**2 - 57*q + 2. Calculate r(4).
110
Let g(d) = 5*d**2 - 263*d + 1909. Give g(9).
-53
Let r(z) = 12*z**2 - 334*z - 47. Determine r(28).
9
Let b(z) = z**2 - 3*z + 18. Calculate b(17).
256
Let b(s) = -3*s**3 - 12*s**2 + 22*s + 80. Calculate b(-3).
-13
Let q(m) = -3224*m - 32247. Give q(-10).
-7
Let i(o) = -o**3 + 2*o**2 - 8*o + 4. Determine i(-5).
219
Let w(x) = 2*x**3 + 336*x**2 - 340*x - 392. Calculate w(-169).
-54
Let t(u) = 462*u - 18044. What is t(39)?
-26
Let y(b) = -b**3 - 290*b**2 - 4898*b - 542. Calculate y(-272).
2
Let s(p) = p**2 + 26*p - 154. Give s(-26).
-154
Let v(l) = -5*l**2 - 196*l + 1871. Give v(8).
-17
Let a(g) = -3*g**2 + 222*g - 4015. Give a(37).
92
Let q(g) = -334*g + 29060. Give q(87).
2
Let r(p) = p**3 + 10*p**2 - 15*p - 18. Give r(-7).
234
Let h(t) = -24*t**2 - 4*t + 17. Give h(4).
-383
Let u(i) = 22*i + 165. Calculate u(-4).
77
Let j(r) = -85*r + 1408. Calculate j(17).
-37
Let d(q) = -q**3 + 1411*q**2 - 2819*q - 2. What is d(2)?
-4
Let f(x) = -19*x**2 + 26*x + 12. Calculate f(-2).
-116
Let x(u) = -u**3 - 34*u**2 - 47*u + 545. Determine x(-32).
1
Let g(y) = -9*y**2 - 86*y - 109. Calculate g(-8).
3
Let c(o) = 3*o**3 + 109*o**2 + 32*o - 147. Calculate c(-36).
-3
Let x(z) = -5*z**2 - 49*z + 3. What is x(-3)?
105
Let x(p) = 4*p**2 - 553*p + 2792. Give x(133).
-1
Let i(w) = w**3 - 12*w**2 - 66*w + 35. Calculate i(16).
3
Let q(c) = -2*c**2 - 181. What is q(20)?
-981
Let n(x) = -25*x**2 + 550*x + 17. Determine n(22).
17
Let r(n) = -164*n - 285. Calculate r(0).
-285
Let z(r) = 1046*r - 6276. What is z(6)?
0
Let w(j) = 24*j**3 - j**2 - 4*j - 2. Give w(0).
-2
Let l(q) = q**3 - 42*q**2 - 75*q - 580. Give l(44).
-8
Let h(v) = -2*v**3 + 3*v**2 + 2*v + 19. What is h(0)?
19
Let q(f) = 7*f**2 + 284*f + 147. Determine q(-40).
-13
Let q(t) = t**3 - 124*t**2 + 160*t - 4563. What is q(123)?
-12
Let u(g) = 2*g**3 - 65*g**2 + 127*g - 3. Give u(2).
7
Let m(o) = 35*o + 535. Calculate m(-16).
-25
Let o(i) = -21969*i - 351500. Determine o(-16).
4
Let l(t) = -t**3 - 7*t**2 - 25*t - 168. Determine l(-7).
7
Let s(x) = -46*x**3 - 9*x**2 - 14*x - 3. What is s(-1)?
48
Let v(h) = -3*h - 74. Give v(-25).
1
Let x(g) = 2561*g - 38410. What is x(15)?
5
Let p(k) = -2*k**2 + 141*k - 2237. Calculate p(24).
-5
Let p(c) = 5388*c - 16245. Determine p(3).
-81
Let k(m) = 5*m**2 + 5*m - 9. Determine k(-5).
91
Let p(s) = -4*s**2 + 88*s + 345. Determine p(-4).
-71
Let k(d) = 18*d + 883. What is k(-52)?
-53
Let f(z) = -5811*z - 52298. Calculate f(-9).
1
Let z(g) = -g**2 + 7*g + 50. Give z(7).
50
Let f(i) = -40*i**2 + 335*i - 124. What is f(8)?
-4
Let w(t) = t**3 - 11*t**2 - 8*t + 8. What is w(8)?
-248
Let m(f) = -3*f - 19. Determine m(71).
-232
Let u(k) = -2*k**2 - 921*k - 6346. What is u(-7)?
3
Let g(o) = -893*o + 972. Determine g(1).
79
Let w(m) = 14*m - 1435. Give w(104).
21
Let i(b) = -2*b**3 - 13*b**2 - 17*b - 14. Determine i(-7).
154
Let k(d) = d**3 - 61*d**2 + 365*d - 18300. Give k(60).
0
Let b(s) = 12*s + 31. Determine b(-2).
7
Let g(x) = -23*x + 119. Give g(5).
4
Let y(v) = -101*v**2 - 192*v + 29. Determine y(-2).
9
Let r(h) = -2*h**2 - 253*h + 1708. Determine r(-133).
-21
Let k(r) = r**3 + 12*r**2 + 44*r + 18. Calculate k(-7).
-45
Let a(j) = -476*j - 1265. Give a(-4).
639
Let n(q) = -231*q - 478. Give n(-2).
-16
Let q(c) = -39*c**2 + 446*c + 31. Determine q(12).
-233
Let p(w) = -8*w**2 - 157*w + 35. Determine p(-20).
-25
Let d(l) = 169*l - 2175. Determine d(13).
22
Let i(m) = 16*m + 15. Calculate i(7).
127
Let m(u) = 217*u - 19536. What is m(90)?
-6
Let i(s) = 277*s + 11. What is i(1)?
288
Let j(c) = -c**3 - 10*c**2 - 15*c + 51. Determine j(-7).
9
Let g(o) = -o**3 - o**2 + 15*o + 5. What is g(-6)?
95
Let c(o) = -11*o**2 + 77*o + 3. Give c(7).
3
Let r(p) = -p**3 - 62*p**2 - 820*p - 49. Determine r(-19).
8
Let a(n) = -22254*n + 66765. Give a(3).
3
Let r(a) = -4*a**2 + 447*a - 1327. Calculate r(3).
-22
Let k(c) = c**2 + 27*c + 162. Calculate k(-7).
22
Let h(a) = -a**3 - 9*a**2 - 23*a - 134. Calculate h(-9).
73
Let c(s) = 38*s + 718. Determine c(-9).
376
Let w(m) = -m**3 + 26*m**2 - 68*m - 30. Calculate w(23).
-7
Let c(v) = v**2 + 39*v - 390. Give c(-47).
-14
Let r(z) = 58*z - 6088. Calculate r(104).
-56
Let w(l) = 2*l**3 - 34*l**2 - l + 34. Give w(17).
17
Let z(n) = n**3 + 7*n**2 + 43*n + 3. Give z(-4).
-121
Let q(g) = 25*g + 717. Give q(-27).
42
Let i(h) = -2*h**3 + 28*h**2 - 12*h + 192. Give i(14).
24
Let q(k) = 2582*k + 12903. Give q(-5).
-7
Let w(i) = -10*i**3 + 182*i**2 - 33*i - 49. What is w(18)?
5
Let d(h) = -h**2 - 64*h - 561. What is d(-11)?
22
Let z(y) = y**3 + 37*y**2 - 110*y + 403. Calculate z(-40).
3
Let g(o) = o**3 + 8*o**2 + 4*o + 39. Calculate g(-10).
-201
Let h(j) = -48*j + 5516. Determine h(115).
-4
Let l(o) = o**3 - 35*o**2 - 34*o - 244. Give l(36).
-172
Let l(r) = r**3 - 9*r**2 + 22*r - 8. Give l(5).
2
Let m(i) = 9*i + 80. Determine m(-9).
-1
Let l(p) = 17*p**3 + 2109*p**2 + 118*p - 750. Give l(-124).
-6
Let d(y) = -25*y**2 + 18*y + 43. Calculate d(7).
-1056
Let q(v) = -440*v - 69. Calculate q(0).
-69
Let h(t) = 1146*t + 5723. Determine h(-5).
-7
Let t(x) = x**3 + 14*x**2 + 6*x - 5. Determine t(-6).
247
Let o(l) = 11*l - 232. Give o(19).
-23
Let d(b) = 770*b - 24633. What is d(32)?
7
Let q(v) = -1279*v + 24300. Determine q(19).
-1
Let n(l) = -l**3 - 13*l**2 + 22*l - 24. Calculate n(-15).
96
Let j(z) = -11*z**3 - 5*z - 1. Determine j(0).
-1
Let o(i) = -135*i - 400. Calculate o(-3).
5
Let v(r) = -r**3 - 80*r**2 - 699*r + 71. Give v(-70).
1
Let x(n) = 22*n + 112. Give x(-13).
-174
Let c(t) = t**3 + 53*t**2 + t + 57. What is c(-53)?
4
Let w(r) = r**3 + 41*r**2 - 40*r + 213. Calculate w(-42).
129
Let n(y) = 2*y**3 + 20*y**2 - 34*y + 564. Determine n(-13).
-8
Let b(t) = 3*t**3 + 122*t**2 - 34*t + 286. What is b(-41)?
-1
Let l(s) = 2*s**3 + 75*s**2 - 21*s - 27. Determine l(-38).
-673
Let p(j) = 30*j + 724. Calculate p(-25).
-26
Let p(n) = -1493*n - 180666. Determine p(-121).
-13
Let n(i) = -i**2 + 13*i + 126. Determine n(-5).
36
Let x(v) = 43*v + 598. What is x(-14)?
-4
Let x(a) = -a**2 - 19*a - 13. Calculate x(-15).
47
Let r(l) = 18*l - 374. Give r(21).
4
Let o(d) = 14*d**2 - 238*d + 38. Calculate o(17).
38
Let o(b) = -b**3 + 28*b**2 - 41*b - 78. What is o(25)?
772
Let m(c) = c**2 + 75*c - 621. Calculate m(8).
43
Let q(o) = -79*o - 83. What is q(-2)?
75
Let y(f) = -282*f + 2269. Calculate y(8).
13
Let o(h) = -h**3 + 40*h**2 + 40*h - 11. Give o(41).
-52
Let n(d) = 12*d - 319. What is n(27)?
5
Let i(h) = -2*h**2 + 60*h + 1. What is i(0)?
1
Let b(x) = -x**2 - 67*x + 2806. Give b(-96).
22
Let q(k) = 2*k**3 + 8*k**2 - 7*k - 19. Calculate q(-4).
9
Let q(i) = 2*i**2 + 90*i + 101. Determine q(-44).
13
Let l(c) = 368*c + 724. Determine l(-2).
-12
Let o(w) = -w**2 - 31*w - 72. What is o(-20)?
148
Let t(h) = -139*h + 762. Determine t(5).
67
Let k(t) = -t**3 - t**2 - 42*t - 135. Calculate k(-3).
9
Let l(u) = -u**2 + 6*u + 13. Give l(10).
-27
Let h(r) = -r**2 + 48*r - 572. What is h(30)?
-32
Let 